19 a factor of 366002?
False
Is 2179065 a multiple of 428?
False
Is 20370600 a multiple of 600?
True
Does 5 divide 70625?
True
Is 21 a factor of 284677?
False
Is 168218 a multiple of 7?
False
Does 200 divide 3570344?
False
Is 574128 a multiple of 24?
True
Does 175 divide 1280031?
False
Does 8 divide 409184?
True
Is 7 a factor of 5386132?
False
Does 5 divide 443870?
True
Does 2057 divide 10956527?
False
Does 69 divide 4684100?
False
Is 279207 a multiple of 91?
False
Is 9661134 a multiple of 14?
True
Is 90666 a multiple of 9?
True
Is 17 a factor of 8488869?
False
Does 14 divide 486790?
False
Does 77 divide 2126389?
False
Is 21 a factor of 64365?
True
Does 471 divide 750825?
False
Is 35 a factor of 219555?
True
Does 17 divide 42347?
True
Does 11 divide 14786?
False
Is 8 a factor of 226035?
False
Is 54269 a multiple of 20?
False
Does 4 divide 522457?
False
Is 1260126 a multiple of 15?
False
Does 81 divide 740907?
True
Is 70538 a multiple of 26?
True
Is 14 a factor of 2804332?
False
Is 21 a factor of 4420?
False
Is 9 a factor of 47345?
False
Is 47 a factor of 11378089?
True
Is 156072 a multiple of 4?
True
Is 112 a factor of 477023?
False
Is 3396911 a multiple of 252?
False
Does 21 divide 114051?
True
Does 11 divide 257114?
True
Does 62 divide 166388?
False
Is 2737788 a multiple of 541?
False
Is 3822740 a multiple of 912?
False
Does 74 divide 1785546?
True
Is 6 a factor of 493421?
False
Does 521 divide 4900441?
False
Does 155 divide 70605?
False
Does 59 divide 167973?
True
Is 32 a factor of 350?
False
Is 30 a factor of 3561092?
False
Is 165572 a multiple of 161?
False
Is 471 a factor of 1369239?
False
Is 21018 a multiple of 186?
True
Is 648 a factor of 55728?
True
Is 352341 a multiple of 32?
False
Is 134313 a multiple of 12?
False
Does 77 divide 748741?
False
Is 1496432 a multiple of 62?
True
Is 127 a factor of 2155698?
True
Is 106 a factor of 153723?
False
Is 44 a factor of 7360306?
False
Is 42000 a multiple of 3?
True
Does 385 divide 2488437?
False
Is 4 a factor of 358928?
True
Does 13 divide 387993?
False
Is 7 a factor of 7989296?
True
Does 10 divide 928220?
True
Is 5255976 a multiple of 258?
True
Is 26 a factor of 775216?
True
Is 364261 even?
False
Is 612 a factor of 4634676?
True
Is 39 a factor of 2156388?
True
Is 45 a factor of 98798?
False
Is 199 a factor of 183677?
True
Is 4 a factor of 234228?
True
Is 205 a factor of 276955?
True
Is 105 a factor of 20580?
True
Does 379 divide 727680?
True
Does 38 divide 1325258?
False
Is 108 a factor of 10800?
True
Is 2559701 a multiple of 9?
False
Is 53 a factor of 107108?
False
Is 9 a factor of 20802?
False
Is 1713624 a multiple of 11?
True
Does 263 divide 173580?
True
Is 12 a factor of 922644?
True
Is 23 a factor of 32909?
False
Is 55 a factor of 2688120?
False
Is 261 a factor of 37491?
False
Is 148750 a multiple of 125?
True
Is 611629 a multiple of 251?
False
Is 27 a factor of 4556331?
True
Does 7 divide 24571?
False
Is 70 a factor of 7560?
True
Is 9373 a multiple of 91?
True
Is 19670949 a multiple of 662?
False
Is 70292 a multiple of 8?
False
Is 162027 a multiple of 17?
True
Is 26 a factor of 101312?
False
Is 122 a factor of 105774?
True
Is 40 a factor of 82523?
False
Does 260 divide 859820?
True
Does 93 divide 487134?
True
Is 184613 a multiple of 13?
True
Is 4334 even?
True
Does 14 divide 556794?
True
Does 57 divide 216904?
False
Is 52000 a multiple of 16?
True
Does 28 divide 584947?
False
Is 105336 a multiple of 38?
True
Is 20 a factor of 8487386?
False
Does 11 divide 233978?
False
Does 307 divide 351626?
False
Is 3107909 a multiple of 5?
False
Is 831194 a multiple of 3?
False
Is 2263092 a multiple of 356?
True
Does 43 divide 81829?
True
Is 56532 a multiple of 3?
True
Is 14 a factor of 4519665?
False
Does 13 divide 5194059?
True
Is 3318328 a multiple of 104?
True
Is 8917190 a multiple of 995?
True
Does 14 divide 3642239?
False
Does 479 divide 32093?
True
Is 19 a factor of 214081?
False
Is 3259612 a multiple of 41?
False
Does 28 divide 245085?
False
Is 6319908 a multiple of 84?
True
Is 1551488 a multiple of 136?
True
Is 166 a factor of 2296496?
False
Does 574 divide 642306?
True
Does 73 divide 774895?
True
Is 445 a factor of 52291?
False
Is 255330 a multiple of 10?
True
Does 1246 divide 4268796?
True
Is 322595 a multiple of 455?
True
Is 5782313 a multiple of 182?
False
Does 15 divide 236997?
False
Is 316116 a multiple of 18?
True
Is 334341 a multiple of 21?
True
Is 547766 a multiple of 802?
True
Is 24 a factor of 882024?
True
Is 214100 a multiple of 13?
False
Is 57 a factor of 211825?
False
Is 30673 a multiple of 7?
False
Is 699767 a multiple of 39?
False
Does 75 divide 56925?
True
Is 17 a factor of 152051?
False
Is 62 a factor of 836008?
True
Does 8 divide 87303?
False
Does 42 divide 10432128?
True
Does 186 divide 105615?
False
Is 333 a factor of 128353?
False
Is 855201 a multiple of 89?
True
Is 464 a factor of 4772704?
True
Is 420316 a multiple of 137?
True
Is 65705 a multiple of 97?
False
Does 199 divide 87141?
False
Does 245 divide 483385?
True
Is 149376 a multiple of 96?
True
Does 27 divide 164593?
False
Is 554381 a multiple of 12?
False
Does 10 divide 142285?
False
Is 59 a factor of 530646?
True
Does 42 divide 5953836?
True
Is 230014 a multiple of 14?
False
Does 12 divide 73365?
False
Is 5 a factor of 490392?
False
Is 69 a factor of 3576546?
True
Is 80750 a multiple of 95?
True
Does 440 divide 4542120?
True
Does 15 divide 262059?
False
Is 350084 a multiple of 52?
False
Is 2513574 a multiple of 9?
True
Is 442149 a multiple of 10?
False
Does 37 divide 45196?
False
Is 21162297 a multiple of 17?
True
Is 126400 a multiple of 200?
True
Is 7 a factor of 49317?
False
Does 120 divide 3640275?
False
Is 260711 a multiple of 22?
False
Is 529529 a multiple of 37?
False
Does 59 divide 657024?
True
Is 419084 a multiple of 19?
False
Is 2242044 a multiple of 33?
False
Is 202623 a multiple of 137?
True
Is 223 a factor of 199242?
False
Does 114 divide 77748?
True
Is 416168 a multiple of 8?
True
Does 442 divide 446682?
False
Does 139 divide 1949947?
False
Is 2909615 a multiple of 11?
False
Is 115 a factor of 3772460?
True
Is 46 a factor of 3748908?
True
Does 76 divide 9548861?
False
Is 218387 a multiple of 107?
True
Does 60 divide 209160?
True
Is 64 a factor of 1450512?
False
Is 4 a factor of 249276?
True
Does 197 divide 4545651?
False
Is 333500 a multiple of 230?
True
Does 347 divide 692265?
True
Is 180 a factor of 14268233?
False
Is 286787 a multiple of 36?
False
Does 7 divide 112686?
True
Is 2292052 a multiple of 436?
True
Is 4661134 a multiple of 214?
True
Does 11 divide 5112372?
False
Does 234 divide 12380940?
True
Is 19 a factor of 17396120?
False
Is 621775 a multiple of 133?
True
Is 12077436 a multiple of 23?
False
Does 211 divide 1771134?
True
Is 336490 a multiple of 11?
True
Is 10 a factor of 113076?
False
Is 89725 a multiple of 15?
False
Is 193 a factor of 404809?
False
Is 85320 a multiple of 60?
True
Does 2 divide 26064?
True
Is 683757 a multiple of 697?
True
Is 192 a factor of 2083776?
True
Is 354519 a multiple of 17?
False
Is 83 a factor of 1446173?
False
Is 19 a factor of 11096?
True
Is 15892740 a multiple of 285?
True
Is 86770 a multiple of 84?
False
Does 30 divide 290806?
False
Does 133 divide 380513?
True
Does 10 divide 792090?
True
Is 4449894 a multiple of 141?
False
Is 153990 a multiple of 217?
False
Is 247 a factor of 55575?
True
Does 4 divide 301817?
False
Does 187 divide 1360510?
False
Is 107 a factor of 71393?
False
Is 99895 a multiple of 5?
True
Is 214 a factor of 30852?
False
Does 140 divide 750120?
True
Is 11919624 a multiple of 24?
True
Is 1863975 a multiple of 21?
False
Does 1037 divide 6291373?
False
Is 2530880 a multiple of 40?
True
Is 29627 even?
False
Is 49034 a multiple of 4?
False
Does 1035 divide 701188?
False
Is 1730624 a multiple of 37?
False
Is 3 a factor of 1308205?
False
Is 235 a factor of 693369?
False
Is 64 a factor of 280138?
False
Is 5796864 a multiple of 1224?
True
Does 370 divide 519850?
True
Is 87416 a multiple of 14?
True
Is 2425500 a multiple of 196?
True
Is 5 a factor of 7763?
False
Is 603792 a multiple of 63?
True
Does 717 divide 228936?
False
Is 261444 a multiple of 181?
False
Does 174 divide 51678?
True
Does 7 divide 307287?
False
Is 524188 a multiple of 7?
